{"id":29,"date":"2025-04-28T09:00:06","date_gmt":"2025-04-28T09:00:06","guid":{"rendered":"https:\/\/www.leasuter.ch\/?page_id=29"},"modified":"2025-06-23T16:13:27","modified_gmt":"2025-06-23T16:13:27","slug":"uber-mich","status":"publish","type":"page","link":"https:\/\/www.leasuter.ch\/?page_id=29","title":{"rendered":"\u00dcber mich"},"content":{"rendered":"\n<p class=\"has-medium-font-size\">Ich heisse Lea Suter, bin am 11.12.2002 geboren und wohne zurzeit in Kloten. Ich spiele seit 2017 beim UHC Dietlikon und dann bei den UHC Kloten-Dietlikon Jets. Mit dem Unihockey begann ich im Alter von neun Jahren bei den Chilis in R\u00fcmlang.<\/p>\n\n\n\n<p class=\"has-medium-font-size\">2023 wurde ich in die U23-Nationalmannschaft der Schweiz aufgenommen und konnte mich im Mai 2024 das erste Mal f\u00fcr die A-Nationalmannschaft empfehlen. Seither durfte ich einige L\u00e4nderspiele absolvieren und werde alles daf\u00fcr geben, im Dezember 2025 an der Weltmeisterschaft teilnehmen zu d\u00fcrfen.<\/p>\n\n\n\n<p class=\"has-medium-font-size\">Seit Oktober 2024 habe ich durch Swiss Unihockey und Swiss Olympic die M\u00f6glichkeit, mit 17 weiteren Spielerinnen von einer \u201cTeil-Professionalisierung\u201d zu profitieren. Das Impulsprogramm gibt mir die Chance, meinen Sport umfangreicher und professioneller aus\u00fcben zu k\u00f6nnen.<\/p>\n\n\n\n<p class=\"has-medium-font-size\">Aufgewachsen bin ich in Zweidlen und habe meine Schulzeit mit einer gymnasialen Maturit\u00e4t an der Kantonsschule Z\u00fcrcher Unterland in B\u00fclach abgeschlossen.<\/p>\n\n\n\n<p class=\"has-medium-font-size\">Seit 2022 absolviere ich einen Major in Sportwissenschaft an der Universit\u00e4t Bern und studiere im Minor Geschichte. Ich versp\u00fcre t\u00e4glich einen enormen Bewegungsdrang und liebe es, neue Sportarten und Bewegungsaufgaben auszuprobieren. Diese Freude teile ich auch sehr gerne mit anderen. Deshalb bin ich seit Sommer 2024 Assistenztrainerin bei der U17-Mannschaft der Jets und versuche dort, mein Wissen weiterzugeben.<\/p>\n\n\n\n<p class=\"has-large-font-size\">Spielerprofil<\/p>\n\n\n\n<ul class=\"wp-block-list\">\n<li><a href=\"https:\/\/www.jets.ch\/profil\/lea-suter\/\">Profil bei Kloten-Dietlikon Jets<\/a><\/li>\n\n\n\n<li><a href=\"https:\/\/www.swissunihockey.ch\/de\/player-detail?player_id=472273\">Profil auf swiss unihockey<\/a><\/li>\n<\/ul>\n\n\n\n<p class=\"has-large-font-size\">Presseartikel und Interviews<\/p>\n\n\n\n<p class=\"has-medium-font-size\"><a href=\"https:\/\/www.tagesanzeiger.ch\/ein-selfie-von-lea-suter-aus-glattfelden-die-frau-fuer-schoene-tore-und-schraege-toene-838026084727\">Die Frau f\u00fcr sch\u00f6ne Tore und schr\u00e4ge T\u00f6ne<\/a> (Tagesanzeiger vom 28.03.2024)<\/p>\n\n\n\n<p class=\"has-medium-font-size\"><a href=\"https:\/\/www.youtube.com\/watch?v=JbuC372FeGQ\">Superfinal 2025: Interview mit Lea Suter und Ronja Bichsel<\/a><\/p>\n\n\n\n<p class=\"has-medium-font-size\"><a href=\"https:\/\/unihockey.ch\/meisterschaft\/sml-frauen\/news\/lea-suter-wir-wollten-einfach-cool-bleiben-27499\/\">Interview mit Lea<\/a> (unihockey.ch vom 28.04.2024)<\/p>\n\n\n\n<p class=\"has-medium-font-size\"><a href=\"https:\/\/youtu.be\/I5PX9rjlX3M?si=kbqFhsYnA9iIpFUR&amp;t=42\">Superfinal 2024: Interview mit Lea Suter<\/a><\/p>\n\n\n\n<p><\/p>\n\n\n\n<p><\/p>\n","protected":false},"excerpt":{"rendered":"<p>Ich heisse Lea Suter, bin am 11.12.2002 geboren und wohne zurzeit in Kloten. Ich spiele seit 2017 beim UHC Dietlikon und dann bei den UHC Kloten-Dietlikon Jets. Mit dem Unihockey begann ich im Alter von neun Jahren bei den Chilis&#8230; <a class=\"more-link\" href=\"https:\/\/www.leasuter.ch\/?page_id=29\">Continue Reading &rarr;<\/a><\/p>\n","protected":false},"author":1,"featured_media":0,"parent":0,"menu_order":0,"comment_status":"closed","ping_status":"closed","template":"","meta":{"footnotes":""},"class_list":["post-29","page","type-page","status-publish","hentry"],"yoast_head":"<!-- This site is optimized with the Yoast SEO plugin v25.3.1 - https:\/\/yoast.com\/wordpress\/plugins\/seo\/ -->\n<title>\u00dcber mich - Lea Suter<\/title>\n<meta name=\"robots\" content=\"index, follow, max-snippet:-1, max-image-preview:large, max-video-preview:-1\" \/>\n<link rel=\"canonical\" href=\"https:\/\/www.leasuter.ch\/?page_id=29\" \/>\n<meta property=\"og:locale\" content=\"en_US\" \/>\n<meta property=\"og:type\" content=\"article\" \/>\n<meta property=\"og:title\" content=\"\u00dcber mich - Lea Suter\" \/>\n<meta property=\"og:description\" content=\"Ich heisse Lea Suter, bin am 11.12.2002 geboren und wohne zurzeit in Kloten. Ich spiele seit 2017 beim UHC Dietlikon und dann bei den UHC Kloten-Dietlikon Jets. Mit dem Unihockey begann ich im Alter von neun Jahren bei den Chilis... Continue Reading &rarr;\" \/>\n<meta property=\"og:url\" content=\"https:\/\/www.leasuter.ch\/?page_id=29\" \/>\n<meta property=\"og:site_name\" content=\"Lea Suter\" \/>\n<meta property=\"article:modified_time\" content=\"2025-06-23T16:13:27+00:00\" \/>\n<meta name=\"twitter:card\" content=\"summary_large_image\" \/>\n<meta name=\"twitter:label1\" content=\"Est. reading time\" \/>\n\t<meta name=\"twitter:data1\" content=\"1 minute\" \/>\n<script type=\"application\/ld+json\" class=\"yoast-schema-graph\">{\"@context\":\"https:\/\/schema.org\",\"@graph\":[{\"@type\":\"WebPage\",\"@id\":\"https:\/\/www.leasuter.ch\/?page_id=29\",\"url\":\"https:\/\/www.leasuter.ch\/?page_id=29\",\"name\":\"\u00dcber mich - Lea Suter\",\"isPartOf\":{\"@id\":\"https:\/\/www.leasuter.ch\/#website\"},\"datePublished\":\"2025-04-28T09:00:06+00:00\",\"dateModified\":\"2025-06-23T16:13:27+00:00\",\"breadcrumb\":{\"@id\":\"https:\/\/www.leasuter.ch\/?page_id=29#breadcrumb\"},\"inLanguage\":\"en-US\",\"potentialAction\":[{\"@type\":\"ReadAction\",\"target\":[\"https:\/\/www.leasuter.ch\/?page_id=29\"]}]},{\"@type\":\"BreadcrumbList\",\"@id\":\"https:\/\/www.leasuter.ch\/?page_id=29#breadcrumb\",\"itemListElement\":[{\"@type\":\"ListItem\",\"position\":1,\"name\":\"Home\",\"item\":\"https:\/\/www.leasuter.ch\/\"},{\"@type\":\"ListItem\",\"position\":2,\"name\":\"\u00dcber mich\"}]},{\"@type\":\"WebSite\",\"@id\":\"https:\/\/www.leasuter.ch\/#website\",\"url\":\"https:\/\/www.leasuter.ch\/\",\"name\":\"Lea Suter\",\"description\":\"Lea Suter Unihockey Spielerin\",\"potentialAction\":[{\"@type\":\"SearchAction\",\"target\":{\"@type\":\"EntryPoint\",\"urlTemplate\":\"https:\/\/www.leasuter.ch\/?s={search_term_string}\"},\"query-input\":{\"@type\":\"PropertyValueSpecification\",\"valueRequired\":true,\"valueName\":\"search_term_string\"}}],\"inLanguage\":\"en-US\"}]}<\/script>\n<!-- \/ Yoast SEO plugin. -->","yoast_head_json":{"title":"\u00dcber mich - Lea Suter","robots":{"index":"index","follow":"follow","max-snippet":"max-snippet:-1","max-image-preview":"max-image-preview:large","max-video-preview":"max-video-preview:-1"},"canonical":"https:\/\/www.leasuter.ch\/?page_id=29","og_locale":"en_US","og_type":"article","og_title":"\u00dcber mich - Lea Suter","og_description":"Ich heisse Lea Suter, bin am 11.12.2002 geboren und wohne zurzeit in Kloten. Ich spiele seit 2017 beim UHC Dietlikon und dann bei den UHC Kloten-Dietlikon Jets. Mit dem Unihockey begann ich im Alter von neun Jahren bei den Chilis... Continue Reading &rarr;","og_url":"https:\/\/www.leasuter.ch\/?page_id=29","og_site_name":"Lea Suter","article_modified_time":"2025-06-23T16:13:27+00:00","twitter_card":"summary_large_image","twitter_misc":{"Est. reading time":"1 minute"},"schema":{"@context":"https:\/\/schema.org","@graph":[{"@type":"WebPage","@id":"https:\/\/www.leasuter.ch\/?page_id=29","url":"https:\/\/www.leasuter.ch\/?page_id=29","name":"\u00dcber mich - Lea Suter","isPartOf":{"@id":"https:\/\/www.leasuter.ch\/#website"},"datePublished":"2025-04-28T09:00:06+00:00","dateModified":"2025-06-23T16:13:27+00:00","breadcrumb":{"@id":"https:\/\/www.leasuter.ch\/?page_id=29#breadcrumb"},"inLanguage":"en-US","potentialAction":[{"@type":"ReadAction","target":["https:\/\/www.leasuter.ch\/?page_id=29"]}]},{"@type":"BreadcrumbList","@id":"https:\/\/www.leasuter.ch\/?page_id=29#breadcrumb","itemListElement":[{"@type":"ListItem","position":1,"name":"Home","item":"https:\/\/www.leasuter.ch\/"},{"@type":"ListItem","position":2,"name":"\u00dcber mich"}]},{"@type":"WebSite","@id":"https:\/\/www.leasuter.ch\/#website","url":"https:\/\/www.leasuter.ch\/","name":"Lea Suter","description":"Lea Suter Unihockey Spielerin","potentialAction":[{"@type":"SearchAction","target":{"@type":"EntryPoint","urlTemplate":"https:\/\/www.leasuter.ch\/?s={search_term_string}"},"query-input":{"@type":"PropertyValueSpecification","valueRequired":true,"valueName":"search_term_string"}}],"inLanguage":"en-US"}]}},"_links":{"self":[{"href":"https:\/\/www.leasuter.ch\/index.php?rest_route=\/wp\/v2\/pages\/29","targetHints":{"allow":["GET"]}}],"collection":[{"href":"https:\/\/www.leasuter.ch\/index.php?rest_route=\/wp\/v2\/pages"}],"about":[{"href":"https:\/\/www.leasuter.ch\/index.php?rest_route=\/wp\/v2\/types\/page"}],"author":[{"embeddable":true,"href":"https:\/\/www.leasuter.ch\/index.php?rest_route=\/wp\/v2\/users\/1"}],"replies":[{"embeddable":true,"href":"https:\/\/www.leasuter.ch\/index.php?rest_route=%2Fwp%2Fv2%2Fcomments&post=29"}],"version-history":[{"count":8,"href":"https:\/\/www.leasuter.ch\/index.php?rest_route=\/wp\/v2\/pages\/29\/revisions"}],"predecessor-version":[{"id":129,"href":"https:\/\/www.leasuter.ch\/index.php?rest_route=\/wp\/v2\/pages\/29\/revisions\/129"}],"wp:attachment":[{"href":"https:\/\/www.leasuter.ch\/index.php?rest_route=%2Fwp%2Fv2%2Fmedia&parent=29"}],"curies":[{"name":"wp","href":"https:\/\/api.w.org\/{rel}","templated":true}]}}